{"id":211,"date":"2025-06-17T18:01:49","date_gmt":"2025-06-17T16:01:49","guid":{"rendered":"https:\/\/liczymydladzieci.pl\/?post_type=product&#038;p=211"},"modified":"2026-02-17T19:56:28","modified_gmt":"2026-02-17T18:56:28","slug":"bajkowy-rok-z-przyroda-i-liczbami","status":"publish","type":"product","link":"https:\/\/liczymydladzieci.pl\/?product=bajkowy-rok-z-przyroda-i-liczbami","title":{"rendered":"Bajkowy rok z przyrod\u0105 i liczbami. Interaktywne opowiadania przyrodniczo-matematyczne dla przedszkolak\u00f3w (pdf)."},"content":{"rendered":"<p><b>\ud83c\udf3f <\/b><b>Bajkowy rok z przyrod\u0105 i liczbami.<\/b><\/p>\n<p><b>Interaktywne opowiadania przyrodniczo-matematyczne dla przedszkolak\u00f3w<\/b><\/p>\n<p>Przenie\u015b swoje dziecko w \u015bwiat czterech p\u00f3r roku \u2013 pe\u0142en bajkowych przyg\u00f3d, ciekawostek o naturze i prostych zabaw matematycznych!<\/p>\n<p>Ta wyj\u0105tkowa ksi\u0105\u017cka \u0142\u0105czy edukacj\u0119 przyrodnicz\u0105 z matematyk\u0105 w formie ciekawych opowiada\u0144, kt\u00f3re pobudzaj\u0105 wyobra\u017ani\u0119 i zach\u0119caj\u0105 do aktywnego s\u0142uchania i liczenia.<\/p>\n<p>Ka\u017cde opowiadanie to:<\/p>\n<p>\ud83c\udf41 opowie\u015b\u0107 osadzona w realiach danej pory roku<\/p>\n<p>\ud83e\uddee przemycone pytania matematyczne wplecione w fabu\u0142\u0119<\/p>\n<p>\ud83c\udf43 nauka o przyrodzie podana w przyst\u0119pnej, bajkowej formie<\/p>\n<p>\ud83d\udccc <b>podsumowanie wiedzy<\/b> \u2013 by utrwali\u0107 najwa\u017cniejsze informacje<\/p>\n<p>\u2702\ufe0f <b>materia\u0142y do druku<\/b> \u2013 pomocne do wykonywania prostych oblicze\u0144<\/p>\n<p>\ud83c\udfa8 <b>kolorowanka<\/b> \u2013 rozwijaj\u0105ca kreatywno\u015b\u0107 i motoryk\u0119 ma\u0142\u0105<\/p>\n<p>To idealna ksi\u0105\u017cka:<\/p>\n<p>\u2714\ufe0f dla dzieci w wieku 4\u20136 lat<\/p>\n<p>\u2714\ufe0f do wsp\u00f3lnego czytania w domu lub w przedszkolu<\/p>\n<p>\u2714\ufe0f dla nauczycieli i terapeut\u00f3w pracuj\u0105cych metodami aktywizuj\u0105cymi<\/p>\n<p><b>\u201eBajkowy rok z przyrod\u0105 i liczbami\u201d to ksi\u0105\u017cka, kt\u00f3ra ro\u015bnie razem z dzieckiem \u2013 inspiruje, uczy i zachwyca przez ca\u0142y rok.<\/b> \ud83c\udf1e\u2744\ufe0f\ud83c\udf38\ud83c\udf42<\/p>\n<p>\ud83c\udf81 <strong>Gratis do ksi\u0105\u017cki!<\/strong><\/p>\n<p>Do ksi\u0105\u017cki do\u0142\u0105czone s\u0105 <strong>4 gry memory z dodawaniem, odejmowaniem i prostym dzieleniem<\/strong>, dopasowane do <strong>ka\u017cdej pory roku<\/strong>. To doskona\u0142y spos\u00f3b na utrwalenie liczenia w formie zabawy \u2013 wiosn\u0105, latem, jesieni\u0105 i zim\u0105!<\/p>\n<p>\ud83d\udcc4 Materia\u0142y do druku znajdziesz w zestawie z ksi\u0105\u017ck\u0105.<\/p>\n","protected":false},"excerpt":{"rendered":"<p><strong>\ud83c\udf3f Bajkowy rok z przyrod\u0105 i liczbami.<\/strong><\/p>\n<p>Interaktywne opowiadania przyrodniczo-matematyczne dla przedszkolak\u00f3w.<\/p>\n<p>Poznaj \u015bwiat czterech p\u00f3r roku, w kt\u00f3rym bajka spotyka edukacj\u0119! Ta wyj\u0105tkowa ksi\u0105\u017cka \u0142\u0105czy wiedz\u0119 o przyrodzie z prostymi zadaniami matematycznymi \u2013 w formie ciekawych historii, kt\u00f3re zach\u0119caj\u0105 do liczenia, obserwowania i dzia\u0142ania.<\/p>\n<p>Idealna dla dzieci w wieku 4\u20136 lat oraz nauczycieli przedszkolnych.<\/p>\n<p><strong>W \u015brodku m.in.:<\/strong><\/p>\n<p>\ud83c\udf43 opowiadania + pytania matematyczne<\/p>\n<p>\u270f\ufe0f podsumowania, materia\u0142y do druku i kolorowanki<\/p>\n","protected":false},"featured_media":259,"comment_status":"open","ping_status":"closed","template":"","meta":[],"product_brand":[],"product_cat":[26,25],"product_tag":[],"class_list":{"0":"post-211","1":"product","2":"type-product","3":"status-publish","4":"has-post-thumbnail","6":"product_cat-ksiazki","7":"product_cat-sklep","9":"first","10":"instock","11":"downloadable","12":"shipping-taxable","13":"purchasable","14":"product-type-simple"},"jetpack_sharing_enabled":true,"_links":{"self":[{"href":"https:\/\/liczymydladzieci.pl\/index.php?rest_route=\/wp\/v2\/product\/211","targetHints":{"allow":["GET"]}}],"collection":[{"href":"https:\/\/liczymydladzieci.pl\/index.php?rest_route=\/wp\/v2\/product"}],"about":[{"href":"https:\/\/liczymydladzieci.pl\/index.php?rest_route=\/wp\/v2\/types\/product"}],"replies":[{"embeddable":true,"href":"https:\/\/liczymydladzieci.pl\/index.php?rest_route=%2Fwp%2Fv2%2Fcomments&post=211"}],"wp:featuredmedia":[{"embeddable":true,"href":"https:\/\/liczymydladzieci.pl\/index.php?rest_route=\/wp\/v2\/media\/259"}],"wp:attachment":[{"href":"https:\/\/liczymydladzieci.pl\/index.php?rest_route=%2Fwp%2Fv2%2Fmedia&parent=211"}],"wp:term":[{"taxonomy":"product_brand","embeddable":true,"href":"https:\/\/liczymydladzieci.pl\/index.php?rest_route=%2Fwp%2Fv2%2Fproduct_brand&post=211"},{"taxonomy":"product_cat","embeddable":true,"href":"https:\/\/liczymydladzieci.pl\/index.php?rest_route=%2Fwp%2Fv2%2Fproduct_cat&post=211"},{"taxonomy":"product_tag","embeddable":true,"href":"https:\/\/liczymydladzieci.pl\/index.php?rest_route=%2Fwp%2Fv2%2Fproduct_tag&post=211"}],"curies":[{"name":"wp","href":"https:\/\/api.w.org\/{rel}","templated":true}]}}